4 and a.
7
Let d(m) = m**3 + 23*m**2 - 22*m + 53. Let o be d(-24). Suppose o*v - 4*p = 724, 3*v - 111 = -5*p + 353. Calculate the highest common factor of 4 and v.
4
Suppose 4*k - 141 = -25. Suppose 29*d = 31*d. Suppose n - 3*g + 6*g - 23 = 0, d = 3*n + 5*g - 77. Calculate the greatest common factor of n and k.
29
Suppose 2*a = -3*a - 5*v + 165, -v + 3 = 0. Suppose 25*j - 615 = 28*j. Let s = -165 - j. Calculate the greatest common divisor of a and s.
10
Suppose -10*c = -20*c. Let x be (2/10 - c) + (-496)/(-20). What is the highest common divisor of x and 325?
25
Suppose 307 = 3*v + 5*a, v - 2*a + 468 = 563. Calculate the greatest common divisor of 88 and v.
11
Let y be 56/(-200)*-10 - 1/(-5). Let q be (63/28)/(y*(-6)/(-576)). What is the highest common divisor of q and 252?
36
Suppose 5*u + 21*u - 494 = 0. Suppose u = l - 3*v, -2*v + 40 - 66 = -2*l. Calculate the highest common factor of l and 170.
10
Suppose -4*t = -5*t + r, -t + 4*r = 15. Suppose 15*k = 16*k + 12. Let g = 8 - k. Calculate the greatest common divisor of t and g.
5
Let y(c) = 46*c - 2. Let t(z) = z**2 - 4*z - 17. Let p be t(7). Let a be y(p). What is the highest common factor of 26 and a?
26
Suppose 13 + 56 = 3*m. Let s(g) = -10 - m*g**2 + 12*g + 48*g**2 - 24*g**2. Let i be s(13). What is the greatest common factor of 35 and i?
35
Let n = 241 + -1. Suppose 0 = -86*x + 7485 + 255. Calculate the highest common factor of n and x.
30
Let o be -192*3*9/(-6). What is the highest common factor of o and 96?
96
Suppose 0 = -2*o + 4*r - r + 783, 0 = 3*r + 9. Suppose 5*l - 795 = -580. What is the highest common factor of o and l?
43
Let q = -112 + 197. Suppose 332 = 15*f - 418. Suppose -53*g = -f*g - 51. What is the highest common factor of q and g?
17
Suppose 36 = 4*a + 4*c, -5*a + 50*c = 53*c - 29. Calculate the greatest common factor of 352 and a.
1
Let v(x) = -x**3 + 3*x**2 + 15*x + 4. Let g be v(-3). Suppose -g = -4*t + 3*t. What is the greatest common factor of 26 and t?
13
Suppose -13*z + 8306 = -3199. Calculate the greatest common divisor of 30 and z.
15
Suppose -10421*z = -10417*z - 4356. What is the greatest common divisor of z and 1210?
121
Let y = 38 - -37. Suppose -5*k + 153 = 58. Suppose s + k = y. Calculate the highest common divisor of 84 and s.
28
Let w(m) be the first derivative of 8*m**3/3 + m**2 - 79. Let p be w(5). Calculate the highest common factor of 84 and p.
42
Suppose h + 98 = -40*r + 43*r, r - 5*h - 56 = 0. Suppose -j - 3*j + 1389 = -5*t, -662 = -2*j - 4*t. What is the greatest common divisor of j and r?
31
Suppose 4*l + 2*a - 1824 = 0, l - 133 = 3*a + 337. Let s = l - 250. Calculate the greatest common factor of s and 78.
26
Suppose -50*u + 114280 = 165*u - 323460. Calculate the highest common factor of u and 8.
4
Let s(j) = -97*j - 12. Let d be (-3*2/18)/((-3)/(-18)). Let r be s(d). Calculate the highest common divisor of r and 14.
14
Suppose 5*x + 4*u = -154, 4*x + 68 = u - 51. Let s be 5*66/55 - 43. Let q = x - s. Calculate the greatest common factor of q and 35.
7
Suppose 2*h - 45 = -h. Let m(c) = -24*c + h*c + 10*c + 17. Let g be m(-14). Calculate the greatest common factor of 6 and g.
3
Let r = -187 - -222. Suppose 5*f - 82 = -3*z, 2*z - 6*z = -16. Let j = f - 9. What is the greatest common factor of r and j?
5
Suppose 8*v = v. Suppose v = 4*k - l - 194, 3*k - 5*l = 253 - 99. Suppose -4*q = 4 - k. What is the greatest common factor of q and 77?
11
Suppose -4*v + 3*f + 3367 = 14, 2*f = 3*v - 2513. Calculate the greatest common factor of v and 392.
49
Let v be (6/4)/(14/28*-1) + 9. Calculate the highest common factor of 138 and v.
6
Suppose -179*c = 161*c - 3400. Suppose 0 = -5*d + 20, -5*d - 155 = -5*u - 0*u. What is the greatest common divisor of c and u?
5
Suppose 6*o = q + 4*o - 805, 0 = -4*q + 5*o + 3205. Let i = q + -780. Calculate the highest common divisor of 1800 and i.
15
Suppose 2*t - 5*t = -10*r - 33, -5*r = -4*t + 94. What is the highest common divisor of 992 and t?
31
Let c(a) = 11*a - 102. Let n be c(10). Suppose -9*s - n*s + 9945 = 0. Calculate the highest common factor of s and 65.
65
Suppose 17 = -4*z + 33. Let h be (z*2/12)/((-10)/60). Let s be -3*(h - (-236)/(-6)). What is the highest common divisor of s and 26?
26
Let f be 630 + 1/3*9. Let x = -346 + f. Calculate the highest common factor of x and 41.
41
Suppose -7184 = -306*n + 2608. Let b = -73 - -126. Let l = -29 + b. Calculate the highest common factor of l and n.
8
Let i = 64 + 86. Calculate the highest common factor of 24 and i.
6
Suppose -3*o - o + 160 = 0. Let z(h) = -h**3 - 48*h**2 - 84*h - 3872. Let a be z(-48). Calculate the highest common divisor of a and o.
40
Let o = -20 - -30. Let m = -14 - -18. Let r(v) = 2*v**3 - 6*v**2 + 9*v + 2. Let q be r(m). What is the greatest common factor of o and q?
10
Suppose -6*o + 14 + 4 = 0. Suppose 13 = -o*t - 47. Let h be (-20 - t) + -1 + 76. Calculate the greatest common divisor of 15 and h.
15
Let v(h) = h**3 - 6*h**2 + 16*h - 11. Let y be v(4). Let b(f) = -f**2 + 28*f - 125. Let k be b(y). Calculate the highest common factor of 55 and k.
11
Let h(i) = 86*i + 445. Let k be h(-5). Suppose 45 = -2*p + 5*p. What is the greatest common factor of k and p?
15
Let w be 67/(-2)*2 - (-32)/8. Let l be (-3*1)/(w/1344). Let m be 215/25 + 6/(-10). Calculate the highest common divisor of m and l.
8
Let s = -1629 + 2410. Let v = -609 + s. Calculate the highest common factor of 215 and v.
43
Let m = 1697 + -1328. What is the greatest common divisor of 180 and m?
9
Let b = -20841 - -39146. What is the greatest common factor of b and 35?
35
Suppose -4*t = -2*h + 4312, h - 452 - 1708 = 3*t. Calculate the greatest common divisor of h and 24.
12
Let l = 4500 - 4248. Calculate the greatest common factor of l and 812.
28
Let n(b) = 3*b**2 - 8*b + 1. Suppose -82*o - 12 = -79*o. Let i be n(o). What is the greatest common factor of 45 and i?
9
Let x(q) = q**2 - 28*q + 139. Let a be x(6). Calculate the greatest common divisor of 1127 and a.
7
Suppose 2*d = -5*r + 117, 125*r = -5*d + 130*r + 240. Let c be 0 + (3 - 4) + 205. What is the highest common factor of d and c?
51
Let d = 7 - 0. Let w(c) be the first derivative of -c**4/4 + 16*c**3/3 + 23*c**2/2 - 67*c + 59. Let g be w(17). What is the greatest common factor of g and d?
7
Let t = 35 - 31. Suppose 2*i - 124 = -t*s + 2*s, 4*i = -2*s + 246. Suppose -l + i = -75. What is the greatest common factor of l and 34?
34
Suppose 148 = 4*u - 4*r, 4*r = -2*u + 99 - 7. Suppose 11*w = 10*w - 32. Let b be (-2)/(-8) + (-312)/w. Calculate the greatest common factor of u and b.
10
Let i = 6539 + 5226. What is the highest common factor of i and 65?
65
Let j be -2 + 5 + -9 - (-180 - -3). What is the highest common factor of j and 741?
57
Let l(y) = -582*y + 605*y - 4*y**2 - 2 - 2 + y**3. Let f be l(4). Calculate the greatest common divisor of f and 11.
11
Suppose 4*u = 2*w + 12, 0*u - 4*u = w - 12. Suppose -u*b = 111 - 1047. What is the greatest common factor of 39 and b?
39
Suppose -7*d = -13*d - 11*d + 4284. Calculate the highest common divisor of 1575 and d.
63
Let m = 170 + -152. Suppose 0*h - 1989 = -13*h. What is the highest common factor of h and m?
9
Let f be -516*((-45)/(-6))/(-5). Let a be ((-108)/(-36))/((9/(-12))/(129/(-6))). What is the highest common factor of a and f?
86
Let v = -383 + 377. Let b be 48/(-72)*567/v. What is the highest common factor of 21 and b?
21
Let a be (8 - (-322)/(-49))*(-21)/(-1). Suppose a*u - 243 - 417 = 0. What is the highest common divisor of u and 946?
22
Let n be 53*-1*(-7 + 6) + -65 + 57. Calculate the greatest common factor of n and 520.
5
Suppose 3*k + 5*f - 7*f = -3732, -k = -2*f + 1240. Let c be k/(-2) + (31 - 38). What is the greatest common factor of 56 and c?
56
Let q = 1496 - 1061. Suppose 5*t - 66 - 9 = 0. What is the highest common factor of t and q?
15
Let d(y) be the first derivative of -y**3/3 - 3*y**2 - 6*y - 13. Let q be d(-5). Let k be 4 - 4/q - -1. What is the greatest common factor of k and 9?
9
Let t(u) = 2*u**2 - 3*u - 9. Let k be t(-7). Suppose 5*z - 10*z = -k. Suppose -21*j + z*j - 14 = 0. Calculate the highest common divisor of 98 and j.
14
Let u = -5677 + 3861. Let r = -934 - u. Calculate the highest common divisor of r and 18.
18
Let y(g) = -g**3 - 9*g